 thousands digit of q?
8
Suppose 2*s = f + 6, -5*s - f + 11 = 3. Suppose -s*j - 3*j - 751 = -4*z, 0 = 5*z - 5*j - 935. What is the units digit of z?
4
Let i be (-2)/4 + 0 + (-24)/(-16). Let l(t) = 1228*t**3 - 4*t**2 + 4*t. What is the hundreds digit of l(i)?
2
Let m(i) = 6*i**2 - 17*i + 3. Let y(j) = 7*j**3 - 6*j + 6. Let k be y(1). What is the hundreds digit of m(k)?
1
Let o(t) = -5*t**3 + 2*t**2 + 9. Let h be o(4). Let r be 3 + -6 - (-1 + h). Let b = 412 - r. What is the units digit of b?
5
Let f(h) = -166*h + 8. Let n(s) = -s**3 + 8*s**2 + 2*s + 12. Let x(a) = -a - 1. Let t(i) = -n(i) - 3*x(i). Let y be t(8). What is the units digit of f(y)?
4
Let k = -212 + 235. Suppose 23 = t + 20*c - k*c, -5*t + 151 = 3*c. What is the units digit of t?
9
Let j be ((-260)/(-5)*3)/1. Let w be 2 - ((1 - 2) + 5). What is the units digit of w/13 - -400*18/j?
6
Let c = -39173 - -61158. What is the thousands digit of c?
1
Let d(c) = 729*c**2 + 118*c + 951. What is the thousands digit of d(-8)?
6
What is the units digit of ((-2148)/(-33))/(64/1056)?
4
Suppose -4359*o = -4336*o - 72979. What is the units digit of o?
3
Let i = -62 + 38. Let r = -26 - i. What is the units digit of ((-7)/r)/((9/(-6))/(-3))?
7
Suppose 3*w + 3*u = 42, 5*w = w - u + 47. Suppose -w*b = -7*b - 3688. What is the tens digit of b?
2
Suppose -1791 = -2*v + 3*k - 4*k, -4*v + k = -3585. What is the tens digit of v?
9
What is the units digit of (-1299180)/(-90) + 3/(-9) + 7 - 1?
1
Let n(p) = -3*p**3 + 18*p**2 - 3*p - 5. Let o = -115 - -129. Suppose -4*z + o + 6 = 0. What is the units digit of n(z)?
5
Let q(f) = 2*f**3 + 52*f**2 - 47*f - 143. What is the hundreds digit of q(-24)?
2
Let l(g) = 3*g**2 + 158*g + 134. What is the thousands digit of l(-66)?
2
What is the units digit of (88664*(-5)/10)/(-1)?
2
What is the hundreds digit of ((-7)/2)/(6/11 - 5903950/10822900)?
8
Suppose 0 = 65*m - 29581 - 20014. What is the hundreds digit of m?
7
Suppose 4*j = 2*v + 3012, -7*j + 754 = -6*j - v. Suppose -j = 7*x - 1585. What is the units digit of x?
9
Suppose -i - 19*j = -15*j - 31320, 3*j - 125371 = -4*i. What is the tens digit of i?
4
What is the ten thousands digit of (4/(-5) - 2/10)/((-38)/2259366)?
5
Let n = -43 + 79. Suppose 378 = 39*g - n*g. Suppose 2*d - g = -0*d. What is the units digit of d?
3
Suppose 44*g = 56*g - 38016. What is the hundreds digit of g?
1
Suppose 7*r - 59401 + 27257 = 74648. What is the tens digit of r?
5
Let k = -808 + 2638. What is the thousands digit of k?
1
What is the thousands digit of ((-2)/4 + -2)/((-2)/((-1455792)/(-130)))?
3
Let l(c) = 4*c**2 + 8*c + 5. Let k be l(-2). Suppose 2*g = 42 + 162. Suppose 0 = -k*t + 173 + g. What is the tens digit of t?
5
Let q(z) = -1616*z - 7682. What is the hundreds digit of q(-21)?
2
Suppose 40*b + 9 = 43*b. Let u be 3 - (-2 + -1)/(b + -4). Suppose -19*o + 24*o - 315 = u. What is the units digit of o?
3
Let h(r) = -4*r**3 + 28*r**2 + 3*r + 2. Let q be h(7). Let k(w) = -q*w + 15 + w**2 + 6 + 10 - 4. What is the units digit of k(24)?
1
Let d(l) = 79*l**2 + 2*l**3 - 3 - 75*l**2 + 9*l + 15. Let v(f) = -4*f**3 - 8*f**2 - 19*f - 25. Let g(h) = -9*d(h) - 4*v(h). What is the tens digit of g(-3)?
2
Suppose -36*d = -45*d + 3717. Let g = d - 266. What is the hundreds digit of g?
1
Let g(o) = -44*o + 8. Let j(u) = u + 2. Let v(h) = -g(h) + j(h). What is the hundreds digit of v(30)?
3
What is the thousands digit of (-2 - -5) + (-196878)/(330/(-15))?
8
Suppose 0*a + 639 = 3*a. Suppose 3*q = x - a - 179, 3*x = -12. Let r = 202 + q. What is the units digit of r?
0
Suppose 27*r - 4*r - 51272 = 15*r. What is the tens digit of r?
0
Suppose 7245 = 21*w - 2100. What is the hundreds digit of w?
4
Let k be 13/(-26)*5/(5/(-4)). Suppose 3*x + k*x - 410 = 0. What is the tens digit of x?
8
What is the hundreds digit of ((-48)/9 - -4)/(16/(-54972))?
5
Let r(d) = 19*d**2 - d + 8. Let j = -96 - -93. Let z(n) = -n**2 - 7*n - 15. Let x be z(j). What is the tens digit of r(x)?
8
Let u(f) be the third derivative of f**6/60 + 43*f**5/60 + 49*f**4/24 + 37*f**3/6 - 125*f**2. What is the units digit of u(-20)?
7
Let f(i) be the first derivative of 39*i**4 + i - 11. Let s be f(1). Let q = 6 + s. What is the hundreds digit of q?
1
Suppose 2669674 + 863429 = 237*m - 1353600. What is the tens digit of m?
1
Let y = -29 - 49. What is the tens digit of (-41249)/y - (-2)/12?
2
Let x = -459 - -459. What is the tens digit of (547 - x) + 86 + -79?
5
Suppose -5*m - 4*q = -3157, 252 = -2*m + 4*q + 1526. Let c = 672 - m. What is the tens digit of c?
3
Let h(u) = u**2 - 4*u. Let b be h(-9). Let o = b + -62. What is the hundreds digit of 40*(-1 - 1 - o/(-10))?
1
Let l(g) = g**3 + 24*g**2 + 61*g - 52. Let z be l(-21). What is the tens digit of (-12)/z*(-40260)/(-99)?
8
Let q(t) = -9*t**3 + 33*t**2 - 9*t + 40. What is the units digit of q(-8)?
2
What is the ten thousands digit of 1/(30/394324) + 68/(-510)?
1
What is the ten thousands digit of (-36)/81 - (-1451560)/90?
1
Let m(i) = i**2 + 22*i + 7. Let o be m(15). Suppose 12*c - o - 962 = 0. What is the hundreds digit of c?
1
Suppose 5*z + 11 = -l, 0 = 19*l - 24*l - 2*z + 14. Suppose -789 = -l*d + 3*x + 1543, -4*x = 0. What is the hundreds digit of d?
5
Suppose -4*r + 6*r + 11 = n, 0 = -3*n - 3*r + 6. Suppose -4*i + 6600 = n*u - 0*i, 4*u + 5*i - 5271 = 0. Suppose 0 = 6*x - u + 460. What is the units digit of x?
4
Suppose -4*m + 4*x = 0, -3*m + 3 = -m + x. Suppose -l + k = -m, 2*k = 4*l + 3 + 3. What is the tens digit of (1 - -3)*(-75)/l?
7
Let n(v) = 4*v**3 + 29*v - 29. Let o be n(1). Suppose 1080 = j - 4*r, 4*j + r = 3*j + 1105. Suppose o*g + g = j. What is the hundreds digit of g?
2
Let s be 288/11 - 12/66. Let w(k) = -2028 + 9*k + 1017 + 1012. What is the units digit of w(s)?
5
Let f be (94/(-5))/((-3)/(-165)). Let b = 1448 + f. What is the hundreds digit of b?
4
Suppose -180*g - 118177 - 675399 = -194*g. What is the units digit of g?
4
Suppose w + 24 = z - 2*w, 0 = 4*z + 3*w - 36. Let d be 2*(-2)/z*-60. Suppose -168 = -4*b + d. What is the units digit of b?
7
Suppose d + 98152 = -1012*c + 1015*c, 130895 = 4*c - 5*d. What is the thousands digit of c?
2
Suppose 15*z - 3*f - 25233 = 10*z, -4*z = 2*f - 20204. What is the units digit of z?
9
Suppose 25666 = 2*y - 2*w, -31*w = -36*w - 20. What is the ten thousands digit of y?
1
Let z(u) = -u**2 + 54*u + 17. Suppose p + 2*v - 51 = 0, -5*p + 0*v = -2*v - 219. What is the hundreds digit of z(p)?
4
Let c(b) = -9*b - 76. Let v be c(-9). Suppose 0 = -v*y + 5*w + 4190, 4*y - 1667 = 2*y + 5*w. What is the units digit of y?
1
Let x(i) = i**3 - 7*i**2 - 8*i. Let o be x(8). Let q be (3 - o) + -7 + 137. Let m = q - 73. What is the tens digit of m?
6
Suppose o = 3*c - 79839, 5*c + 3*o = 42269 + 90768. What is the tens digit of c?
1
Suppose 0 = 4*j - 5*f - 107678, -2*j + 0*f + 2*f + 53840 = 0. What is the ten thousands digit of j?
2
Suppose -7767*c + 7762*c = -10475. What is the units digit of c?
5
Let w = 344 - 244. Let o = 40 + w. What is the hundreds digit of o?
1
Let n(v) = -v + 16. Let q = 48 + -35. Let m be n(q). Suppose 2*f = -5*b + m*f + 337, -5*b - 4*f = -327. What is the tens digit of b?
6
Let u = -23 - -56. Let h = 36 - u. Suppose 5*k - 43 = -4*o, -4*o + h*k = -0*o - 83. What is the units digit of o?
7
Let f(g) = 477*g**2 + 3*g - 4. Let r be f(2). Let j = r - 1075. What is the tens digit of j?
3
Let l(b) = b**2 + 6 - 25*b - 25*b + 46*b. Let n be l(2). Suppose 0 = 2*z - n*v - 136, 4*z - 2*v = 19 + 249. What is the units digit of z?
6
Let r(s) = 17*s**2 + 4*s - 12. Let m be r(-4). Let g = m + -179. What is the units digit of g?
5
Let x be (4/6)/(8/84). Suppose -418 = -x*q + 5*q + 4*c, -851 = -4*q + 5*c. What is the tens digit of q?
1
Let b = 412 + -337. Let o be (-2)/1 - (-8 - -1). Suppose o = l - b. What is the tens digit of l?
8
Let z = 97 + 368. Let f = 1681 - z. What is the thousands digit of f?
1
Let k be (17 + -21)*1*-1. Suppose k*l = -3*x + 903, -4*l = -x - 4*x - 895. Suppose 5*o - 810 = -l. What is the units digit of o?
7
Suppose 4*t + 112 = -3*n + n, -112 = 4*t + n. Let x = 37 + t. What is the tens digit of (x - 6)/(-3) - 370/(-2)?
8
Let v = -11 - -13. Let b be 2254/8 + v + 4/16. Suppose 6*d - 231 = -2*s + d, 5*d + b = 3*s. What is the tens digit of s?
0
Suppose 11704 = -3*a + 4*b + 